is divided by t?
7
Suppose -22*m + 38 = -336. Let y = -834 + 1273. What is the remainder when y is divided by m?
14
Suppose -932*s - 204 = -949*s. Calculate the remainder when 24 is divided by s.
0
Let q be ((-110)/15 + 8)*5301/6. Let i = -542 + q. Calculate the remainder when i is divided by 12.
11
Suppose 3*b + 29 = 5*s, 0 = 3*s - 2*s - b - 5. Let v(t) = t + 6. Let x be v(-4). Suppose -x*w + 201 - 39 = 0. What is the remainder when w is divided by s?
4
Let d be (-14 + 5)*1/3. What is the remainder when 179 is divided by (36/48)/(d/94)*-2?
38
Suppose 2*j = -5*p - 39, -14*j - 2*p - 18 = -13*j. Calculate the remainder when 225 is divided by (-8 - j)*-2 - -46.
35
Suppose 1039 = 161*t - 1698. Calculate the remainder when 302 is divided by t.
13
Suppose 17*b - 2735 + 566 = 143. Calculate the remainder when 308 is divided by b.
36
Let a be 2/(-4)*(5/5 + -19). Suppose 28 + 44 = a*z. Let f(w) = w**3 - 7*w**2 + 3. What is the remainder when f(z) is divided by 10?
7
Let p(f) = -12*f - 13. Let q = -20 + 17. Calculate the remainder when p(q) is divided by 4.
3
Let f = 2094 - 2019. Suppose -520 = -5*b - 0*b. Let d = b - f. What is the remainder when d is divided by 17?
12
Suppose c - 3*j - 297 = 0, c + 75*j - 76*j - 289 = 0. Calculate the remainder when c is divided by 71.
1
Suppose -18 = 2*d + 4*a, 21*d + 4*a + 27 = 16*d. What is the remainder when 3340/30 + 4/d is divided by 37?
36
Let b(g) = -g**2 + 16. Let h be b(-4). Let k(l) = 16*l + 10. Let a be k(5). Suppose 11*c - 6*c - a = h. Calculate the remainder when 125 is divided by c.
17
Let j be (-2)/(-3)*(-45)/(-10). Let c(x) = 15 - 5 + 2*x + 2*x**2 - j*x**2 + 6*x. Calculate the remainder when 48 is divided by c(8).
8
Suppose -75*q - 130*q = 53*q - 116358. Let c(z) = -91*z. Calculate the remainder when q is divided by c(-1).
87
Suppose -55 = -19*o + 30*o. Suppose t - 38 = 11. What is the remainder when t is divided by (75/9)/o*-1*3?
4
Suppose 0 = -361*j - 9630 + 33817. What is the remainder when 8037 is divided by j?
64
Let y = 21 + -11. Let s be 4/y + (-81)/15. Let w(v) = v**2 + 8*v + 25. What is the remainder when 29 is divided by w(s)?
9
Let b = 60 + -56. Let l be -3*b/48 + 37/4. What is the remainder when 24 is divided by (6/l - (-88)/12)*2?
8
Let w(m) = -7*m**2 - 14*m + 33. Let h(q) = -4*q**2 - 8*q + 16. Let d(t) = 5*h(t) - 3*w(t). Calculate the remainder when 36 is divided by d(-7).
4
Suppose -43*b = -33*b - 320. Let x(h) = h**3 + 2*h**2 - h + 1. Let a be (8/28)/((-1)/(-14)). Calculate the remainder when x(a) is divided by b.
29
Let k(v) = v**2 + v + 35. Suppose h = 4*h. Suppose -23*o + 2589 = 220. What is the remainder when o is divided by k(h)?
33
Let m = 441 + -436. What is the remainder when 69 is divided by (m/(-20)*-6)/((-4)/(-64))?
21
Suppose 4*o - 135 = -5*j, -3*j = -o + 2*j + 40. Let f = 47 - 1. Let i = f - o. Calculate the remainder when i is divided by 4.
3
Let h = -17 - -42. Suppose 125*v - 127*v = -3*s - 35, s = 2*v - 21. Calculate the remainder when h is divided by v.
4
Calculate the remainder when 452 is divided by (-4 + 2)*(-68493)/578.
215
Calculate the remainder when 387/(-12)*((-4)/12)/(5/740) is divided by 175.
16
Let h(n) = -4*n + 2. Let k be h(0). Let x(y) = -20*y**3 + y + 1. Let w be x(k). Let s = 252 + w. Calculate the remainder when s is divided by 25.
20
Let d(u) = -u**2 + 45*u - 108. Let x be d(42). Suppose -5*k = -5*f + x - 88, -5*k - 2*f + 91 = 0. What is the remainder when 45 is divided by k?
11
Let a(m) = m**2 + 101*m + 2623. Calculate the remainder when 4816 is divided by a(-51).
71
Let q(a) = a - 1. Let w(j) = 14*j - 13. Let y(z) = 2*q(z) - w(z). Let m be y(7). Let l = m + 138. What is the remainder when l is divided by 14?
9
Suppose -2*w + 3*w - 3 = 0. Suppose 2*c - w*c = -14. Let f(y) = 4*y + 1. What is the remainder when c is divided by f(2)?
5
Suppose -5270 + 3378 = -86*h. Calculate the remainder when 702 is divided by h.
20
Let b(x) = -18*x**2 - 4. Let l(v) = v**2 + v. Let j(d) = -b(d) + 4*l(d). Calculate the remainder when 46 is divided by j(-1).
2
Suppose 14*l + 140*l = 26950. Calculate the remainder when l is divided by 9.
4
Suppose 203*c = 204*c - q - 43, -116 = -2*c + 17*q. Calculate the remainder when 385 is divided by c.
16
Suppose -4*l - n = -4916, 13*n - 2458 = -2*l + 17*n. Calculate the remainder when l is divided by 56.
53
Suppose -5*a = -5*y + 1555, 2*y + 29*a = 26*a + 627. What is the remainder when y is divided by 14?
4
Calculate the remainder when ((-3132)/(-90) - 7)*205 is divided by 30.
29
Let k(j) = 3*j**2 - 5*j + 45 + 45 - 88. Let v be k(2). What is the remainder when 59 is divided by 8*(4 + (-6)/v)?
19
Suppose -13*m = 5*m + 20*m - 1026. Calculate the remainder when 257 is divided by m.
14
Let t = -2064 + 2077. What is the remainder when 8384 is divided by t?
12
Let y = -7 - -25. Suppose -8*p + 9*p = -x + 45, p = 8*x - 234. What is the remainder when x is divided by y?
13
Suppose 12*y + 4111 = 379. Let p = y - -362. Calculate the remainder when 148 is divided by p.
46
Let v(h) = 3*h - 24. Suppose 2*s - 182 = -3*z + s, -4*s = 16. Let p = z + -58. Calculate the remainder when p is divided by v(9).
1
What is the remainder when 191 + (1 + -11 - -2) is divided by 63?
57
What is the remainder when 2860/39*(-78)/(-8) is divided by 712?
3
Suppose 2*k - 2*q = 314, 294*k + 5*q + 314 = 296*k. What is the remainder when 4395 is divided by k?
156
Suppose -4*j - 90 = 4*x - 14, -4*j = 3*x + 58. What is the remainder when (-1 - -2) + (71 - x) is divided by 124/6*6/4?
28
Suppose 34 - 22 = 2*p. Suppose -57 = p*d - 87. What is the remainder when 108 is divided by d?
3
Suppose 5*t + 3*v - 1750 = -86, -5*v - 10 = 0. Suppose -t = -4*a - 254. What is the remainder when 95 is divided by a?
15
Suppose 2*g = -5*h + 8, 5*g - 4*h - 25 = 28. Suppose g = o - 2*j, 5*o + 3*j = -2*j + 90. Calculate the remainder when 102 is divided by o.
12
Let w(r) = -r + 7. Let c be w(5). Let v(j) = -j**2 - 33*j - 50. Let y be v(-18). Suppose -c*a = 8*a - y. What is the remainder when 65 is divided by a?
21
Suppose 778 - 163 = 3*v - 5*u, -3*v + 606 = -2*u. Calculate the remainder when 1226 is divided by v.
26
Suppose 4*a + 2438*g - 2696 = 2443*g, 0 = g + 8. What is the remainder when a is divided by 3?
1
Suppose -101*o + 69*o = -224. Calculate the remainder when 56 is divided by o.
0
Let r(t) be the third derivative of t**5/30 - 11*t**4/24 + 7*t**3/3 - 17*t**2. Suppose -6*m = 4*m - 60. What is the remainder when 30 is divided by r(m)?
10
What is the remainder when 270 is divided by (-29)/(-2)*5 + (-272)/544?
54
Suppose 3*b - 4426 = k, -3*b - 3*k - 1521 = -5931. Calculate the remainder when b is divided by 82.
80
Let v(j) = -j**2 + 52*j - 588. What is the remainder when 1196 is divided by v(31)?
62
Let t = -75 + 108. Suppose t = -2*g + 97. What is the remainder when g is divided by 18?
14
Let c(p) = p + 16. Let f be c(-9). Calculate the remainder when (-56 - -7)/f + 38 is divided by ((-3)/(-2))/((-2)/(-24)).
13
Suppose -1148 = -4*m + 14*g - 10*g, 0 = 3*m - g - 851. What is the remainder when m is divided by 24?
18
Let t = -463 + 566. What is the remainder when 113 is divided by t?
10
Let t = -133 - -139. Let y(g) = -11*g**2 + 67*g + 7. What is the remainder when 18 is divided by y(t)?
5
Let g(b) = 12*b**2 - 2*b + 11. Let i be g(4). Let d = -18 + i. Let w = d + -53. What is the remainder when w is divided by 18?
16
Suppose -3*s = -4*g + 20352, 32*g = 36*g + 2*s - 20392. What is the remainder when g is divided by 196?
194
Calculate the remainder when -1 + 1 - -4*36 is divided by (0/(-11) - -81)/(4*(-21)/(-28)).
9
Suppose 3*n - 27 = -4*q - 34, -134 = -25*q + n. Suppose 2*h = 3 + 1. What is the remainder when (4/h)/(4/34) is divided by q?
2
Let p(c) = 402*c + 16. Let y be p(2). Suppose 14*u + 162 = y. What is the remainder when u is divided by 6?
5
Let p = 206 + 2. Suppose -p - 188 = -3*y. Calculate the remainder when y is divided by 23.
17
Let n(s) = -16*s + 925. Calculate the remainder when n(20) is divided by 124.
109
Let u be 5/((-5)/99) + -3. Let k = 180 + u. Suppose 36555*l - 36511*l = 1188. Calculate the remainder when k is divided by l.
24
Let f be (-7 - 7)*-2 - 0. Suppose -2190 = 18*z - f*z. Calculate the remainder when z is divided by 32.
27
Let l = 597 - 333. Suppose -w + 37 = 